t common divisor of k and 59?
59
Let n be 369/15 - 4/(-10). Calculate the greatest common divisor of n and 175.
25
Let v = -2 + 1. Let c(w) be the first derivative of 26*w**3/3 + w**2/2 + w + 639. Let a be c(v). Calculate the greatest common factor of a and 13.
13
Let a = 11 - 7. Let t be ((-94)/(-14) - 5)/((-138)/(-2576)). Calculate the highest common factor of t and a.
4
Let l(b) = -b**2 - 4*b + 3. Let g be l(-5). Let v(u) = -2*u**3 + 4*u**2 + 2*u - 2. Let t be v(g). What is the highest common factor of t and 65?
13
Suppose -2*s + 29 - 9 = 0. Let x = s - -35. Calculate the greatest common factor of 15 and x.
15
Let w = 314 + -236. Suppose 0 = -4*h - 18 + 2. Let j(z) = -7*z - 2. Let i be j(h). Calculate the greatest common factor of w and i.
26
Let y = -1558 - -1633. Calculate the greatest common factor of y and 200.
25
Let j = -4 + 7. Suppose 37*c = 809 + 190. What is the highest common factor of j and c?
3
Suppose 15*y - 24 = 9*y. Suppose 4*x - 8 = -y*z, -4*x + z = -4*z - 8. Calculate the greatest common factor of x and 1.
1
Suppose -55 = -2*m + 9. Suppose -d - 4 = 0, 24 = 4*y - 2*y - 4*d. Calculate the highest common divisor of y and m.
4
Suppose 0 = -2*d - 4*y + 1296, -41*d + 2*y = -39*d - 1284. What is the greatest common factor of 28 and d?
28
Let j be (-42)/30*-5 + 68. Calculate the highest common factor of j and 675.
75
Suppose -v = -5*v + 236. Let n = -40 + v. Calculate the highest common divisor of n and 95.
19
Let w(r) = r**2 + 16*r + 87. Let j be w(-6). Calculate the greatest common factor of j and 3.
3
Suppose -5*x + 2*v = 11 + 4, 0 = -4*x - 3*v - 12. Let q be (18/4 + x)*2. Suppose q*l + 24 = 5*l. Calculate the greatest common factor of 36 and l.
12
Let r be 3/(-4)*(-10 + 0 + 6). Suppose 4*o - 8 = 4*c, 3*o + 4*c = 4*o + 1. Calculate the greatest common factor of o and r.
3
Let x = -592 - -842. What is the highest common divisor of 100 and x?
50
Let j be 65 - (4 - 2/1). Let w = j - 37. Calculate the highest common factor of w and 26.
26
Let j = 12 + -36. Let n = 34 + j. Suppose 54*b - 211 - 2489 = 0. What is the highest common divisor of n and b?
10
Let z = -888 + 897. Calculate the greatest common divisor of z and 165.
3
Suppose -n + 2*i = 31, -2*n - 65 = -0*n - i. Let r = -17 - n. Suppose 0 = -3*v + v + 224. Calculate the highest common divisor of r and v.
16
Suppose -2*k = 5*r - 40, 2*r - 18 = -2*k + 10. Let j be (0 - k)/(-1) - 2. Suppose 8*d - 29*d + 1008 = 0. What is the greatest common divisor of j and d?
8
Let a be (-4)/2 + (-4)/4. Let z be a/(3/(-7)) + -1. What is the greatest common divisor of 1 and z?
1
Suppose 398 = 9*j - 7. Let a be 2 + (48 - (-4 + 0)). Let c be ((-22)/33)/((-4)/a). Calculate the greatest common divisor of j and c.
9
Let l(w) = -5*w - 59. Let p be l(-12). Calculate the highest common factor of 16 and p.
1
Let p be 2 - 0 - (0 + 3). Let v be (-3 + 1 + 2)/p. Suppose -2*m = -12 - v. What is the greatest common divisor of 15 and m?
3
Let z be ((-38)/8)/(-1*3/12). Let i be (-1 + 96)/(1 + 0). What is the highest common divisor of z and i?
19
Let j be (3 + 17)/5*3/6. Suppose 2*u - 5 = 3. Suppose -u*n = -31 - 17. What is the highest common factor of j and n?
2
Let u(c) = 95*c - 3. Let t be u(1). Let n = t + -52. What is the greatest common divisor of n and 16?
8
Let v = -11 - 0. Let f = v + 16. Suppose -2 + f = 3*z. What is the highest common divisor of z and 11?
1
Suppose -16*r - 23 = -39. Calculate the highest common factor of r and 71.
1
Suppose y - 569 = -5*z + 364, 2 = -y. What is the greatest common factor of z and 11?
11
Let s(l) = -l**2 - 4*l - 3. Let r be s(-4). Let g(p) = -11*p**2 - 15*p - 6. Let d be g(2). Let z be (r/2)/(5/d). What is the highest common factor of z and 24?
24
Let f(r) = 4*r + 4. Suppose 0 = -0*i + i - 4*p - 13, -14 = -2*i + 2*p. Let c be f(i). What is the highest common divisor of c and 60?
12
Suppose -12*j - 434 = 346. Let v = j - -103. Calculate the greatest common divisor of 57 and v.
19
Let y = 119 - 64. Let s(k) = -k**3 - 11*k**2 - 28*k - 10. Let g be s(-8). What is the highest common divisor of g and y?
11
Let n be (14/(-3))/((-4)/(-42)). Let d = -33 - n. Suppose -w + 3*j = -100, 3*w - 176 = 5*j + 140. Calculate the greatest common divisor of w and d.
16
Let q be 21/(-6)*48/(-7) - -5. What is the greatest common factor of 493 and q?
29
Let q(g) = -g**2 - g - 15. Let m be q(0). Let d(z) = -3*z - 34. Let c be d(m). What is the greatest common factor of c and 33?
11
Suppose 0 = 7*k - 2*k. Let o be -1 - (4 - (4 + 3)). Suppose 0 = -5*s + 5*i + 47 - o, -5*i = k. Calculate the highest common divisor of s and 27.
9
Let h = 92 + -20. Let u = 79 - h. Calculate the greatest common divisor of 7 and u.
7
Suppose 5*t = -0*j - 2*j + 51, -24 = -2*t + j. What is the greatest common divisor of t and 539?
11
Suppose 0 = -0*d - 4*d - 3*v + 27, 3 = d + 2*v. Let k be 28*(d/2 - 4). Let m = 15 + -8. What is the highest common divisor of m and k?
7
Let f be 8/(-4)*1 - 2. Let u(s) = -s**2 - 8*s - 1. Let p be u(f). Let r be (-10)/p - 70/(-6). What is the greatest common factor of r and 55?
11
Let m = 14 - 8. Suppose 4*z - 2*z + 2*h = 4, -38 = -4*z + 2*h. Let x(n) = n**2 - 10*n + 24. Let i be x(z). Calculate the highest common divisor of i and m.
3
Let a(s) = 42*s**2 - 4. Let z = 20 + -17. Let j be a(z). Calculate the greatest common factor of 34 and j.
34
Let n = -1 + -19. Let j be n/15*(-15)/(-2). Let a be 11*(-2 - (-1 + j)). What is the greatest common divisor of a and 9?
9
Let d(y) = y**3 - 21*y**2 + 25*y - 76. Let k be d(20). What is the greatest common divisor of k and 472?
8
Let t be (-2)/3 - (-501)/9. Let f = 196 - 191. Calculate the greatest common factor of t and f.
5
Let s = 437 - 277. Let f be (1/((-56)/s))/(4/(-14)). What is the highest common factor of f and 20?
10
Let c(f) = f**3 - 7*f**2 - 18*f - 30. Let v be c(9). Let o be -2 + (-48)/v + (-114)/(-10). Calculate the greatest common divisor of o and 88.
11
Let o be -2*12*((-2)/(-3) - 0). Let f be 2*4/o*-36. Calculate the greatest common divisor of 162 and f.
18
Let y be 1/((-75)/(-36) + -2). Let k = -29 - -21. Let j(f) = -12*f. Let l be j(k). Calculate the greatest common factor of l and y.
12
Suppose 81 = k - x, 0*x - 3*x = -12. Let n = 133 + -76. Let i = n + -40. What is the highest common factor of i and k?
17
Let y = -25 - -17. Let j(n) = -n**2 - 5*n + 13. Let h be j(y). Let f = h - -22. Calculate the highest common divisor of 99 and f.
11
Suppose -48195 - 20445 = -120*g. What is the highest common divisor of 176 and g?
44
Let r be (-11)/((-462)/(-12)) - 2398/(-14). Calculate the greatest common divisor of r and 9.
9
Let q be (-2 + 13)/(1/21*1). Let a(p) = 23*p**2 - 2*p + 1. Let b be a(1). Let k = 43 - b. What is the highest common divisor of k and q?
21
Let h(j) = -3*j + 35. Let u be h(11). What is the greatest common divisor of 11 and u?
1
Suppose -8*h + 346 = -1270. Calculate the greatest common factor of 2 and h.
2
Let g = 128 - 280. Let j be (g/(-12))/(5/15). Calculate the highest common factor of 95 and j.
19
Let i be ((-2)/4)/(17/(-136)). Suppose 4*n - 5*c + 13 = 0, -n - i*c - c = -28. Suppose -k - n = -4*k. What is the highest common divisor of 3 and k?
1
Let n be (2 - (-3 + 123))/2. Let s = -26 - n. What is the highest common factor of s and 363?
33
Let n be (3/(-6) - -5)*-12. Let p = 206 + n. What is the highest common factor of 8 and p?
8
Suppose 10*s + 3*s - 1261 = 0. Calculate the highest common factor of 1 and s.
1
Suppose -5*s + 4*j = -9414 + 2329, -3*s + 4288 = 5*j. Calculate the highest common factor of 49 and s.
49
Let n be 258/(-172) + (-273)/(-2). What is the greatest common factor of n and 30?
15
Let h be 0 + 4 + 2/(-6)*-6. Let p(d) = -4 + 2*d**2 + 0*d - 8*d + 0. Let f be p(h). What is the greatest common divisor of 10 and f?
10
Let l be (1 + -8)/((-2)/(-2)*-1). Let u be 25 + 0 - (l - (7 - 1)). Calculate the highest common factor of 120 and u.
24
Suppose 67 = -2*o + 33. Suppose -2*i = i + 84. Let b = o - i. Calculate the highest common divisor of 121 and b.
11
Let w be (-1)/(1*(-4)/228). Calculate the greatest common divisor of 190 and w.
19
Let p = 179 - 148. Calculate the greatest common divisor of p and 589.
31
Let k be (-142 - -157)*44/10. Calculate the greatest common factor of 594 and k.
66
Let v = -347 